culate the greatest common divisor of 757 and 151.
1
What is the greatest common divisor of 130144 and 928?
32
Calculate the greatest common divisor of 6707456 and 2432.
2432
What is the highest common factor of 781392 and 4?
4
Calculate the highest common divisor of 205 and 2296.
41
Calculate the greatest common divisor of 2656 and 2880.
32
What is the highest common factor of 157 and 464249?
157
What is the highest common factor of 9545 and 6308?
83
Calculate the highest common factor of 7562880 and 40.
40
What is the greatest common divisor of 130 and 8390?
10
Calculate the highest common divisor of 176 and 1744.
16
What is the greatest common divisor of 2496 and 299?
13
Calculate the highest common factor of 26 and 1428843.
13
What is the greatest common factor of 610 and 212?
2
Calculate the highest common divisor of 283841 and 38.
19
What is the highest common factor of 9558 and 32346?
54
What is the highest common factor of 1917 and 513?
27
Calculate the highest common divisor of 3477 and 2115175.
1159
What is the greatest common divisor of 40684 and 140?
28
What is the greatest common divisor of 32967 and 555?
111
Calculate the greatest common divisor of 22967 and 8330.
119
Calculate the greatest common divisor of 60 and 4035.
15
Calculate the highest common factor of 4 and 2242284.
4
Calculate the highest common factor of 116305 and 1015.
35
What is the highest common divisor of 2640834 and 126?
126
What is the greatest common divisor of 3012 and 876?
12
Calculate the highest common factor of 243770 and 1045.
95
What is the highest common divisor of 2233 and 6237?
77
What is the greatest common divisor of 5412 and 137148?
132
What is the highest common factor of 20 and 37085?
5
What is the greatest common factor of 4100 and 109450?
50
What is the highest common factor of 37444 and 736?
92
Calculate the highest common divisor of 9094 and 2.
2
What is the greatest common divisor of 240 and 11580?
60
What is the highest common divisor of 7600 and 6950?
50
What is the highest common factor of 48554 and 429?
11
What is the greatest common factor of 793 and 2925?
13
What is the greatest common factor of 299482 and 685?
137
Calculate the highest common factor of 444907 and 17.
17
What is the greatest common divisor of 415645 and 4365?
485
Calculate the highest common divisor of 73 and 1036746.
73
Calculate the greatest common divisor of 2165 and 162808.
433
Calculate the greatest common factor of 17490 and 825.
165
Calculate the greatest common divisor of 4896 and 29240.
136
What is the highest common factor of 154 and 261492?
154
Calculate the highest common divisor of 2 and 3500.
2
Calculate the greatest common factor of 3692 and 2556.
284
What is the highest common divisor of 160 and 155?
5
What is the greatest common factor of 374 and 52462?
34
Calculate the greatest common factor of 291 and 10117973.
97
Calculate the greatest common divisor of 133644 and 3922.
74
What is the highest common divisor of 8134803 and 54?
27
What is the greatest common divisor of 44718 and 1392?
174
What is the highest common divisor of 88091 and 32793?
643
Calculate the greatest common factor of 155 and 2205433.
31
What is the highest common divisor of 2088 and 443816?
232
What is the greatest common divisor of 64 and 271552?
64
What is the greatest common divisor of 1078 and 29590?
22
What is the greatest common divisor of 140625 and 90?
45
What is the highest common divisor of 11704 and 166936?
616
Calculate the greatest common factor of 18833 and 222.
37
What is the greatest common divisor of 7483163 and 134?
67
Calculate the highest common divisor of 143440 and 110.
110
What is the highest common factor of 402 and 116178?
402
What is the greatest common factor of 138 and 306?
6
Calculate the highest common divisor of 1120 and 122528.
224
Calculate the greatest common factor of 158 and 91087.
79
What is the highest common factor of 156 and 5196516?
156
What is the highest common factor of 3142592 and 320?
64
What is the highest common divisor of 861 and 11991?
21
Calculate the highest common factor of 360130 and 20.
10
Calculate the greatest common divisor of 165932 and 1196.
52
Calculate the greatest common divisor of 2088 and 39208.
232
What is the highest common factor of 6 and 966306?
6
Calculate the greatest common divisor of 84 and 9247.
7
What is the highest common factor of 2233392 and 119?
119
Calculate the highest common factor of 49192 and 962.
26
Calculate the greatest common divisor of 774 and 5996.
2
What is the greatest common factor of 6688 and 272?
16
What is the greatest common divisor of 51289 and 3213?
119
What is the greatest common factor of 1708 and 137921?
427
Calculate the highest common divisor of 10220 and 220.
20
What is the highest common divisor of 81172 and 7?
7
Calculate the greatest common divisor of 327 and 387386.
109
What is the greatest common divisor of 90 and 27435?
15
What is the highest common divisor of 82028 and 4?
4
Calculate the highest common factor of 164369 and 2321.
211
What is the highest common factor of 228 and 1552?
4
Calculate the highest common divisor of 11472 and 90.
6
What is the greatest common factor of 112179 and 1098?
183
What is the greatest common factor of 97 and 3220497?
97
What is the highest common factor of 45133 and 363?
121
Calculate the highest common divisor of 23 and 20953.
23
What is the greatest common divisor of 1888 and 15812?
236
Calculate the greatest common factor of 3285040 and 1760.
880
What is the greatest common factor of 602 and 4907?
7
What is the greatest common factor of 257512 and 16?
8
What is the highest common divisor of 205691 and 103?
103
Calculate the greatest common factor of 4218 and 71003.
703
Calculate the highest common factor of 549 and 777567.
183
What is the highest common factor of 439 and 262961?
439
What is the greatest common factor of 5976 and 11736?
72
Calculate the greatest common factor of 6693 and 21.
3
Calculate the highest common divisor of 296 and 2648.
8
Calculate the highest common divisor of 5195 and 5045.
5
What is the highest common divisor of 144 and 81?
9
What is the greatest common factor of 288 and 327312?
144
Calculate the highest common divisor of 15 and 79010.
5
Calculate the greatest common divisor of 996 and 18758.
166
Calculate the greatest common factor of 102636 and 2160.
36
What is the highest common factor of 71955 and 4355?
65
Calculate the highest common factor of 1566 and 10498.
58
What is the greatest common divisor of 228 and 166?
2
Calculate the greatest common divisor of 1024 and 584.
8
What is the greatest common factor of 63 and 75159?
63
What is the greatest common factor of 480 and 169860?
60
What is the highest common divisor of 10773 and 18753?
399
What is the greatest common factor of 24 and 361200?
24
What is the highest common divisor of 9177 and 126?
21
Calculate the highest common factor of 1261 and 1248.
13
What is the greatest common factor of 67 and 386858?
67
Calculate the greatest common divisor of 36925 and 15575.
175
Calculate the highest common factor of 435 and 2805.
15
What is the highest common factor of 2171 and 11713?
13
What is the highest common factor of 840 and 152320?
280
What is the highest common divisor of 21 and 9069?
3
What is the highest common factor of 76 and 10583?
19
What is the highest common divisor of 5388 and 74534?
898
What is the greatest common divisor of 1071 and 63972?
9
What is the highest common divisor of 361581 and 55?
11
What is the highest common factor of 52054 and 2295?
17
Calculate the greatest common divisor of 862072 and 394.
394
Calculate the highest common divisor of 5575 and 216087.
223
What is the highest common divisor of 392888 and 34451?
733
Calculate the greatest common divisor of 5382 and 25506.
234
Calculate the greatest common divisor of 651 and 10199.
217
What is the greatest common factor of 491908 and 496?
124
Calculate the greatest common factor of 41 and 382817.
41
Calculate the highest common factor of 325143 and 91.
91
What is the greatest common divisor of 76855 and 3515?
95
What is the highest common factor of 1360 and 32810?
170
What is the greatest common factor of 71774 and 102?
34
What is the greatest common divisor of 152125 and